{"id":171,"date":"2026-04-13T20:49:38","date_gmt":"2026-04-13T20:49:38","guid":{"rendered":"https:\/\/nuevourecho.com\/?page_id=171"},"modified":"2026-04-13T20:51:07","modified_gmt":"2026-04-13T20:51:07","slug":"anual-2022","status":"publish","type":"page","link":"https:\/\/nuevourecho.com\/index.php\/anual-2022\/","title":{"rendered":"ANUAL 2022"},"content":{"rendered":"\n<p>INGRESOS<\/p>\n\n\n\n<figure class=\"wp-block-table is-style-stripes\"><table class=\"has-fixed-layout\"><tbody><tr><td><a href=\"https:\/\/nuevourecho.gob.mx\/svc\/link\/ayuntamiento_sevac_2022_an_estado-analitico-del-ingreso-fuentes-de-financiamiento-01-01-2022-31-12-2022_011223141116.pdf\">Estado Anal\u00edtico del Ingreso &#8211; Fuentes de Financiamiento (01-01-2022 &#8211; 31-12-2022)<\/a><\/td><\/tr><tr><td><a href=\"https:\/\/nuevourecho.gob.mx\/svc\/link\/ayuntamiento_sevac_2022_an_estado-analitico-del-ingreso-no-tributarios-01-01-2022-31-12-2022_011223141113.pdf\">Estado Anal\u00edtico del Ingreso &#8211; No Tributarios (01-01-2022 &#8211; 31-12-2022)<\/a><\/td><\/tr><tr><td><a href=\"https:\/\/nuevourecho.gob.mx\/svc\/link\/ayuntamiento_sevac_2022_an_estado-analitico-del-ingreso-rubros-de-ingresos-01-01-2022-31-12-2022_011223141114.pdf\">Estado Anal\u00edtico del Ingreso &#8211; Rubros de Ingresos (01-01-2022 &#8211; 31-12-2022)<\/a><\/td><\/tr><tr><td><a href=\"https:\/\/nuevourecho.gob.mx\/svc\/link\/ayuntamiento_sevac_2022_an_estado-analitico-del-ingreso-tributarios-01-01-2022-31-12-2022_011223141115.pdf\">Estado Anal\u00edtico del Ingreso &#8211; Tributarios (01-01-2022 &#8211; 31-12-2022)<\/a><\/td><\/tr><\/tbody><\/table><\/figure>\n\n\n\n<p>FINANCIERO<\/p>\n\n\n\n<figure class=\"wp-block-table is-style-stripes\"><table class=\"has-fixed-layout\"><tbody><tr><td><a href=\"https:\/\/nuevourecho.gob.mx\/svc\/link\/ayuntamiento_sevac_2022_an_conciliacion-entre-los-egresos-presupuestarios-y-los-gastos-contables_180423102129.pdf\">CONCILIACION ENTRE LOS EGRESOS PRESUPUESTARIOS Y LOS GASTOS CONTABLES<\/a><\/td><\/tr><tr><td><a href=\"https:\/\/nuevourecho.gob.mx\/svc\/link\/ayuntamiento_sevac_2022_an_conciliacion-entre-los-ingresos-presupuestarios-y-contables_180423102131.pdf\">CONCILIACION ENTRE LOS INGRESOS PRESUPUESTARIOS Y CONTABLES<\/a><\/td><\/tr><tr><td><a href=\"https:\/\/nuevourecho.gob.mx\/svc\/link\/ayuntamiento_sevac_2022_an_estado-analitico-del-activo-al-31-12-22_180423102134.pdf\">ESTADO ANALITICO DEL ACTIVO AL 31-12-22<\/a><\/td><\/tr><tr><td><a href=\"https:\/\/nuevourecho.gob.mx\/svc\/link\/ayuntamiento_sevac_2022_an_estado-de-actividades-al-31-12-22_180423102112.pdf\">ESTADO DE ACTIVIDADES AL 31-12-22<\/a><\/td><\/tr><tr><td><a href=\"https:\/\/nuevourecho.gob.mx\/svc\/link\/ayuntamiento_sevac_2022_an_estado-de-cambios-en-la-situacion-financiera-al-31-12-22_180423102115.pdf\">ESTADO DE CAMBIOS EN LA SITUACION FINANCIERA AL 31-12-22<\/a><\/td><\/tr><tr><td><a href=\"https:\/\/nuevourecho.gob.mx\/svc\/link\/ayuntamiento_sevac_2022_an_estado-de-flujos-de-efectivo-al-31-12-22_180423102118.pdf\">ESTADO DE FLUJOS DE EFECTIVO AL 31-12-22<\/a><\/td><\/tr><tr><td><a href=\"https:\/\/nuevourecho.gob.mx\/svc\/link\/ayuntamiento_sevac_2022_an_estado-de-situacion-financiera-al-31-12-22_180423102120.pdf\">ESTADO DE SITUACION FINANCIERA AL 31-12-22<\/a><\/td><\/tr><tr><td><a href=\"https:\/\/nuevourecho.gob.mx\/svc\/link\/ayuntamiento_sevac_2022_an_estado-de-variacion-en-la-hacienda-publica-al-31-12-22_180423102123.pdf\">ESTADO DE VARIACION EN LA HACIENDA PUBLICA AL 31-12-22<\/a><\/td><\/tr><tr><td><a href=\"https:\/\/nuevourecho.gob.mx\/svc\/link\/ayuntamiento_sevac_2022_an_notas-a-los-estados-financieros_011223141517.pdf\">NOTAS A LOS ESTADOS FINANCIEROS<\/a><\/td><\/tr><\/tbody><\/table><\/figure>\n\n\n\n<p>EGRESOS<\/p>\n\n\n\n<figure class=\"wp-block-table is-style-stripes\"><table class=\"has-fixed-layout\"><tbody><tr><td><a href=\"https:\/\/nuevourecho.gob.mx\/svc\/link\/ayuntamiento_sevac_2022_an_estado-analitico-del-egreso-capitulo-y-concepto-01-01-2022-31-12-2022_011223140847.pdf\">Estado Anal\u00edtico del Egreso &#8211; Cap\u00edtulo y Concepto (01-01-2022 &#8211; 31-12-2022)<\/a><\/td><\/tr><tr><td><a href=\"https:\/\/nuevourecho.gob.mx\/svc\/link\/ayuntamiento_sevac_2022_an_estado-analitico-del-egreso-finalidad-y-funcion-01-01-2022-31-12-2022_011223140845.pdf\">Estado Anal\u00edtico del Egreso &#8211; Finalidad y Funci\u00f3n (01-01-2022 &#8211; 31-12-2022)<\/a><\/td><\/tr><tr><td><a href=\"https:\/\/nuevourecho.gob.mx\/svc\/link\/ayuntamiento_sevac_2022_an_estado-analitico-del-egreso-tipo-de-gasto-01-01-2022-31-12-2022_011223140846.pdf\">Estado Anal\u00edtico del Egreso &#8211; Tipo de Gasto (01-01-2022 &#8211; 31-12-2022)<\/a><\/td><\/tr><tr><td><a href=\"https:\/\/nuevourecho.gob.mx\/svc\/link\/ayuntamiento_sevac_2022_an_estado-analitico-del-pto-de-egresos-administrativa_180423102536.pdf\">ESTADO ANALITICO DEL PTO. DE EGRESOS ADMINISTRATIVA<\/a><\/td><\/tr><tr><td><a href=\"https:\/\/nuevourecho.gob.mx\/svc\/link\/ayuntamiento_sevac_2022_an_estado-analitico-del-pto-de-egresos-administrativa-2_180423102546.pdf\">ESTADO ANALITICO DEL PTO. DE EGRESOS ADMINISTRATIVA 2<\/a><\/td><\/tr><\/tbody><\/table><\/figure>\n\n\n\n<p>DISCIPLINA FINANCIERA<\/p>\n\n\n\n<figure class=\"wp-block-table is-style-stripes\"><table class=\"has-fixed-layout\"><tbody><tr><td><a href=\"https:\/\/nuevourecho.gob.mx\/svc\/link\/ayuntamiento_sevac_2022_an_balance-presupuestario-ldf_180423102851.pdf\">BALANCE PRESUPUESTARIO-LDF<\/a><\/td><\/tr><tr><td><a href=\"https:\/\/nuevourecho.gob.mx\/svc\/link\/ayuntamiento_sevac_2022_an_edo-analitico-del-ej-pto-de-egre-detallado-administrativa-ldf_180423102853.pdf\">EDO ANALITICO DEL EJ. PTO DE EGRE. DETALLADO ADMINISTRATIVA-LDF<\/a><\/td><\/tr><tr><td><a href=\"https:\/\/nuevourecho.gob.mx\/svc\/link\/ayuntamiento_sevac_2022_an_edo-analitico-del-ej-pto-de-egre-detallado-funcional-ldf_180423102856.pdf\">EDO ANALITICO DEL EJ. PTO DE EGRE. DETALLADO FUNCIONAL-LDF<\/a><\/td><\/tr><tr><td><a href=\"https:\/\/nuevourecho.gob.mx\/svc\/link\/ayuntamiento_sevac_2022_an_edo-analitico-del-ej-pto-de-egre-detallado-funcional-ldf_180423102856.pdf\">EDO ANALITICO DEL EJ. PTO DE EGRE. DETALLADO FUNCIONAL-LDF<\/a><\/td><\/tr><tr><td><a href=\"https:\/\/nuevourecho.gob.mx\/svc\/link\/ayuntamiento_sevac_2022_an_edo-analitico-del-ej-pto-de-egre-detallado-serv-personales-por-categoria-ldf_180423102834.pdf\">EDO ANALITICO DEL EJ. PTO DE EGRE. DETALLADO SERV PERSONALES POR CATEGORIA-LDF<\/a><\/td><\/tr><tr><td><a href=\"https:\/\/nuevourecho.gob.mx\/svc\/link\/ayuntamiento_sevac_2022_an_edo-analitico-de-ingresos-detallado-ldf_180423102837.pdf\">EDO. ANALITICO DE INGRESOS DETALLADO-LDF<\/a><\/td><\/tr><tr><td><a href=\"https:\/\/nuevourecho.gob.mx\/svc\/link\/ayuntamiento_sevac_2022_an_estado-de-situacion-financiera-detallado-ldf_180423102839.pdf\">ESTADO DE SITUACION FINANCIERA DETALLADO-LDF<\/a><\/td><\/tr><tr><td><a href=\"https:\/\/nuevourecho.gob.mx\/svc\/link\/ayuntamiento_sevac_2022_an_guia-de-cumplimiento_180423102842.pdf\">GUIA DE CUMPLIMIENTO<\/a><\/td><\/tr><tr><td><a href=\"https:\/\/nuevourecho.gob.mx\/svc\/link\/ayuntamiento_sevac_2022_an_inf-analitico-de-obligaciones-dif-de-financiamientos-ldf_180423102845.pdf\">INF. ANALITICO DE OBLIGACIONES DIF. DE FINANCIAMIENTOS-LDF<\/a><\/td><\/tr><tr><td><a href=\"https:\/\/nuevourecho.gob.mx\/svc\/link\/ayuntamiento_sevac_2022_an_informe-analitico-de-la-deuda-publica-y-otros-pasivos-ldf_180423102847.pdf\">INFORME ANALITICO DE LA DEUDA PUBLICA Y OTROS PASIVOS-LDF<\/a><\/td><\/tr><\/tbody><\/table><\/figure>\n\n\n\n<p>ANEXOS<\/p>\n\n\n\n<figure class=\"wp-block-table is-style-stripes\"><table class=\"has-fixed-layout\"><tbody><tr><td><a href=\"https:\/\/nuevourecho.gob.mx\/svc\/link\/ayuntamiento_sevac_2022_an_anexo-1-deuda-publica_180423103149.pdf\">ANEXO 1 DEUDA PUBLICA<\/a><\/td><\/tr><tr><td><a href=\"https:\/\/nuevourecho.gob.mx\/svc\/link\/ayuntamiento_sevac_2022_an_anexo-2_180423103152.pdf\">anexo 2<\/a><\/td><\/tr><tr><td><a href=\"https:\/\/nuevourecho.gob.mx\/svc\/link\/ayuntamiento_sevac_2022_an_anexo-3-01-ene-31dic_180423103155.pdf\">anexo 3 01 ene-31dic<\/a><\/td><\/tr><tr><td><a href=\"https:\/\/nuevourecho.gob.mx\/svc\/link\/ayuntamiento_sevac_2022_an_anexo-4-01-ene-31dic_180423103159.pdf\">anexo 4 01 ene-31dic<\/a><\/td><\/tr><tr><td><a href=\"https:\/\/nuevourecho.gob.mx\/svc\/link\/ayuntamiento_sevac_2022_an_balanza-de-comprobacion-al-31-12-22_180423103202.pdf\">BALANZA DE COMPROBACION AL 31-12-22<\/a><\/td><\/tr><tr><td><a href=\"https:\/\/nuevourecho.gob.mx\/svc\/link\/ayuntamiento_sevac_2022_an_gasto-federalizado_180423103140.pdf\">GASTO FEDERALIZADO<\/a><\/td><\/tr><tr><td><a href=\"https:\/\/nuevourecho.gob.mx\/svc\/link\/ayuntamiento_sevac_2022_an_gasto-por-categoria-programatica-01-01-2022-al-31-12-2022_171123142628.pdf\">Gasto por Categor\u00eda Program\u00e1tica 01-01-2022 al 31-12-2022<\/a><\/td><\/tr><tr><td><a href=\"https:\/\/nuevourecho.gob.mx\/svc\/link\/ayuntamiento_sevac_2022_an_norma-pestabformresultados-de-las-evaluac-recfed-ent-federativas_230623112134.pdf\">NORMA P.ESTAB.FORM.RESULTADOS DE LAS EVALUAC. REC.FED. ENT. FEDERATIVAS<\/a><\/td><\/tr><tr><td><a href=\"https:\/\/nuevourecho.gob.mx\/svc\/link\/ayuntamiento_sevac_2022_an_relacion-de-ctas-bancarias-productivas_180423103142.pdf\">RELACION DE CTAS BANCARIAS PRODUCTIVAS<\/a><\/td><\/tr><tr><td><a href=\"https:\/\/nuevourecho.gob.mx\/svc\/link\/ayuntamiento_sevac_2022_an_reporte-bienes-muebles-e-inmuebles-asm_180423103146.pdf\">REPORTE BIENES MUEBLES E INMUEBLES ASM<\/a><\/td><\/tr><\/tbody><\/table><\/figure>\n\n\n\n<p>ACTAS DE CABILDO<\/p>\n\n\n\n<figure class=\"wp-block-table is-style-stripes\"><table class=\"has-fixed-layout\"><tbody><tr><td><a href=\"https:\/\/nuevourecho.gob.mx\/svc\/link\/ayuntamiento_sevac_2022_an_libro-de-actas-cabildo-2022_050623145501.pdf\">LIBRO DE ACTAS CABILDO 2022<\/a><\/td><\/tr><\/tbody><\/table><\/figure>\n\n\n\n<p><\/p>\n","protected":false},"excerpt":{"rendered":"<p>INGRESOS Estado Anal\u00edtico del Ingreso &#8211; Fuentes de Financiamiento (01-01-2022 &#8211; 31-12-2022) Estado Anal\u00edtico del Ingreso &#8211; No Tributarios (01-01-2022 &#8211; 31-12-2022) Estado Anal\u00edtico del<\/p>\n","protected":false},"author":1,"featured_media":0,"parent":0,"menu_order":0,"comment_status":"closed","ping_status":"closed","template":"","meta":{"footnotes":""},"class_list":["post-171","page","type-page","status-publish","hentry"],"_links":{"self":[{"href":"https:\/\/nuevourecho.com\/index.php\/wp-json\/wp\/v2\/pages\/171","targetHints":{"allow":["GET"]}}],"collection":[{"href":"https:\/\/nuevourecho.com\/index.php\/wp-json\/wp\/v2\/pages"}],"about":[{"href":"https:\/\/nuevourecho.com\/index.php\/wp-json\/wp\/v2\/types\/page"}],"author":[{"embeddable":true,"href":"https:\/\/nuevourecho.com\/index.php\/wp-json\/wp\/v2\/users\/1"}],"replies":[{"embeddable":true,"href":"https:\/\/nuevourecho.com\/index.php\/wp-json\/wp\/v2\/comments?post=171"}],"version-history":[{"count":2,"href":"https:\/\/nuevourecho.com\/index.php\/wp-json\/wp\/v2\/pages\/171\/revisions"}],"predecessor-version":[{"id":173,"href":"https:\/\/nuevourecho.com\/index.php\/wp-json\/wp\/v2\/pages\/171\/revisions\/173"}],"wp:attachment":[{"href":"https:\/\/nuevourecho.com\/index.php\/wp-json\/wp\/v2\/media?parent=171"}],"curies":[{"name":"wp","href":"https:\/\/api.w.org\/{rel}","templated":true}]}}